{"id":4239,"date":"2018-08-03T21:23:38","date_gmt":"2018-08-04T00:23:38","guid":{"rendered":"https:\/\/saboresdecabofrio.com.br\/edicoes\/?page_id=4239"},"modified":"2018-08-03T21:48:22","modified_gmt":"2018-08-04T00:48:22","slug":"festival-2015","status":"publish","type":"page","link":"https:\/\/saboresdecabofrio.com.br\/edicoes\/festival-2015\/","title":{"rendered":"Festival 2015"},"content":{"rendered":"<style>\n@media only screen and (max-width: 479px) {\n.container > ul {\n  justify-content: center !important;\n}\n}\n.container > ul {\n  justify-content: space-around;\n}\n<\/style>\n<h2 style=\"text-align: center;\">Patroc\u00ednio<\/h2>\n<ul style=\"display: flex;  flex-wrap: wrap;\">\n\n<\/ul>\n<p><!-- \n\n<ul style=\"display: flex;  flex-wrap: wrap; justify-content: center; margin-bottom: 30px; margin-top: 30px;\">\n\n\n\n<li style=\"height: auto; overflow: hidden; border-bottom: none;\"><a href=\"https:\/\/www.facebook.com\/Acqu%C3%ADssima-Litoral-554498427913806\/\" target=\"_blank\">\n\n<div style=\"background-image: url(https:\/\/saboresdecabofrio.com.br\/edicoes\/wp-content\/uploads\/2017\/08\/logo-aquissima-Ago2017-2.png);     width: 150px;   height: 80px;     background-size: cover; background-repeat: no-repeat; background-position: center; margin-top: -20px;\"><\/div>\n\n<\/a><\/li>\n\n\n\n<\/ul>\n\n --><\/p>\n<h1 style=\"text-align: center;\">O Festival<\/h1>\n<div style=\"margin-left: 13px;\">\nAs praias de Cabo Frio s\u00e3o famosas por todo o Brasil. O que muitos n\u00e3o sabem \u00e9 que, al\u00e9m de ser uma das sete cidades mais antigas do Pa\u00eds, com mais de 400 anos de hist\u00f3ria, a cultura gastron\u00f4mica da regi\u00e3o mistura-se, deliciosamente, \u00e0s lindas paisagens. <\/p>\n<p>Durante um m\u00eas, 01 de setembro a 01 de outubro, turistas e moradores v\u00e3o podem se deliciar com o III Festival Sabores de Cabo Frio. O evento re\u00fane restaurantes e o setor hoteleiro para uma apetitosa festa em que os participantes poder\u00e3o provar diferentes gostos, aromas e temperos.<\/p>\n<p>Realizado pelo Sebrae, Sindicato dos Hot\u00e9is e Restaurantes e Cabo Frio Conventions &#038; Visitors Bureau, com o apoio da Prefeitura e da Secretaria de Turismo e produ\u00e7\u00e3o da Tropic Produ\u00e7\u00f5es e Eventos, o festival tem como principal objetivo movimentar a economia da cidade atrav\u00e9s do mercado gastron\u00f4mico.<\/p>\n<p>Para a edi\u00e7\u00e3o desse ano a expectativa \u00e9 de que aproximadamente 60 restaurantes participem do circuito com suas cria\u00e7\u00f5es, que dever\u00e3o ter como inspira\u00e7\u00e3o o tema Mar. Consolidado como um dos eventos gastron\u00f4micos mais importantes do interior do Estado do Rio de Janeiro, o festival promove ainda um delicioso entrosamento entre chefs renomados e um p\u00fablico cada vez mais exigente.<\/p>\n<p>A grande novidade em 2017 \u00e9 o concurso que ir\u00e1 eleger as melhores receitas do evento. Um corpo de jurados, composto por cr\u00edticos, jornalistas e empres\u00e1rios ir\u00e1 escolher os ganhadores nas categorias Melhor Entrada, Melhor Prato Principal e Melhor Sobremesa. <\/p>\n<p>Venha se deliciar com o que Cabo Frio tem de melhor!\n<\/p><\/div>\n<h2 style=\"text-align: center;\">Apoio<\/h2>\n<ul style=\"display: flex;  flex-wrap: wrap; justify-content: center; margin-bottom: 0px;\">\n<\/p>\n<li style=\"height: auto; overflow: hidden; border-bottom: none;\"><a href=\"http:\/\/www.shoppingparklagos.com.br\/\" target=\"_blank\">\n<div style=\"background-image: url(https:\/\/saboresdecabofrio.com.br\/edicoes\/wp-content\/uploads\/2016\/08\/Logo-ParkLagos.png);     width: 180px;   height: 120px;     background-size: cover; background-repeat: no-repeat; background-position: center; \"><\/div>\n<p><\/a><\/li>\n<p><\/p>\n<li style=\"height: auto; overflow: hidden; border-bottom: none;\"><a href=\"https:\/\/facebook.com\/intertvrj\" target=\"_blank\">\n<div style=\"background-image: url(https:\/\/saboresdecabofrio.com.br\/edicoes\/wp-content\/uploads\/2016\/08\/Logo-InterTV-Nova4.png);     width: 180px;   height: 120px;     background-size: cover; background-repeat: no-repeat; background-position: center; \"><\/div>\n<p><\/a><\/li>\n<p><\/p>\n<li style=\"height: auto; overflow: hidden; border-bottom: none;\"><a href=\"http:\/\/www.prolagos.com.br\/\" target=\"_blank\">\n<div style=\"background-image: url(https:\/\/saboresdecabofrio.com.br\/edicoes\/wp-content\/uploads\/2016\/08\/prolagos-ago2019.png);     width: 180px;   height: 120px;     background-size: cover; background-repeat: no-repeat; background-position: center; \"><\/div>\n<p><\/a><\/li>\n<p><\/p>\n<li style=\"height: auto; overflow: hidden; border-bottom: none;\"><a href=\"http:\/\/terrali.com.br\/site\/\" target=\"_blank\">\n<div style=\"background-image: url(https:\/\/saboresdecabofrio.com.br\/edicoes\/wp-content\/uploads\/2016\/08\/Logo-Terrali.png);     width: 180px;   height: 120px;     background-size: cover; background-repeat: no-repeat; background-position: center; \"><\/div>\n<p><\/a><\/li>\n<p>\n<\/ul>\n<ul style=\"display: flex;  flex-wrap: wrap; justify-content: center; margin-bottom: 0px;\">\n<\/p>\n<li style=\"height: auto; overflow: hidden; border-bottom: none;\"><a href=\"https:\/\/facebook.com\/CCR-ViaLagos-232168100164273\" target=\"_blank\">\n<div style=\"background-image: url(https:\/\/saboresdecabofrio.com.br\/edicoes\/wp-content\/uploads\/2016\/08\/ccr-marcas-ago2017.png);     width: 100px;   height: 100px;     background-size: cover; background-repeat: no-repeat; background-position: center; \"><\/div>\n<p><\/a><\/li>\n<p>\n<\/ul>\n","protected":false},"excerpt":{"rendered":"","protected":false},"author":3,"featured_media":0,"parent":0,"menu_order":0,"comment_status":"closed","ping_status":"closed","template":"","meta":{"yasr_overall_rating":0,"yasr_post_is_review":"","yasr_auto_insert_disabled":"","yasr_review_type":""},"acf":[],"yasr_visitor_votes":{"number_of_votes":0,"sum_votes":0,"stars_attributes":{"read_only":false,"span_bottom":false}},"_links":{"self":[{"href":"https:\/\/saboresdecabofrio.com.br\/edicoes\/wp-json\/wp\/v2\/pages\/4239"}],"collection":[{"href":"https:\/\/saboresdecabofrio.com.br\/edicoes\/wp-json\/wp\/v2\/pages"}],"about":[{"href":"https:\/\/saboresdecabofrio.com.br\/edicoes\/wp-json\/wp\/v2\/types\/page"}],"author":[{"embeddable":true,"href":"https:\/\/saboresdecabofrio.com.br\/edicoes\/wp-json\/wp\/v2\/users\/3"}],"replies":[{"embeddable":true,"href":"https:\/\/saboresdecabofrio.com.br\/edicoes\/wp-json\/wp\/v2\/comments?post=4239"}],"version-history":[{"count":5,"href":"https:\/\/saboresdecabofrio.com.br\/edicoes\/wp-json\/wp\/v2\/pages\/4239\/revisions"}],"predecessor-version":[{"id":4252,"href":"https:\/\/saboresdecabofrio.com.br\/edicoes\/wp-json\/wp\/v2\/pages\/4239\/revisions\/4252"}],"wp:attachment":[{"href":"https:\/\/saboresdecabofrio.com.br\/edicoes\/wp-json\/wp\/v2\/media?parent=4239"}],"curies":[{"name":"wp","href":"https:\/\/api.w.org\/{rel}","templated":true}]}}

<style>
@media only screen and (max-width: 479px) {
.container > ul {
  justify-content: center !important;
}
}
.container > ul {
  justify-content: space-around;
}
</style>
<h2 style="text-align: center;">Patrocínio</h2>
<ul style="display: flex;  flex-wrap: wrap;">

</ul>
<p><!-- 

<ul style="display: flex;  flex-wrap: wrap; justify-content: center; margin-bottom: 30px; margin-top: 30px;">



<li style="height: auto; overflow: hidden; border-bottom: none;"><a href="https://www.facebook.com/Acqu%C3%ADssima-Litoral-554498427913806/" target="_blank">

<div style="background-image: url(https://saboresdecabofrio.com.br/edicoes/wp-content/uploads/2017/08/logo-aquissima-Ago2017-2.png);     width: 150px;   height: 80px;     background-size: cover; background-repeat: no-repeat; background-position: center; margin-top: -20px;"></div>

</a></li>



</ul>

 --></p>
<h1 style="text-align: center;">O Festival</h1>
<div style="margin-left: 13px;">
As praias de Cabo Frio são famosas por todo o Brasil. O que muitos não sabem é que, além de ser uma das sete cidades mais antigas do País, com mais de 400 anos de história, a cultura gastronômica da região mistura-se, deliciosamente, às lindas paisagens. </p>
<p>Durante um mês, 01 de setembro a 01 de outubro, turistas e moradores vão podem se deliciar com o III Festival Sabores de Cabo Frio. O evento reúne restaurantes e o setor hoteleiro para uma apetitosa festa em que os participantes poderão provar diferentes gostos, aromas e temperos.</p>
<p>Realizado pelo Sebrae, Sindicato dos Hotéis e Restaurantes e Cabo Frio Conventions &#038; Visitors Bureau, com o apoio da Prefeitura e da Secretaria de Turismo e produção da Tropic Produções e Eventos, o festival tem como principal objetivo movimentar a economia da cidade através do mercado gastronômico.</p>
<p>Para a edição desse ano a expectativa é de que aproximadamente 60 restaurantes participem do circuito com suas criações, que deverão ter como inspiração o tema Mar. Consolidado como um dos eventos gastronômicos mais importantes do interior do Estado do Rio de Janeiro, o festival promove ainda um delicioso entrosamento entre chefs renomados e um público cada vez mais exigente.</p>
<p>A grande novidade em 2017 é o concurso que irá eleger as melhores receitas do evento. Um corpo de jurados, composto por críticos, jornalistas e empresários irá escolher os ganhadores nas categorias Melhor Entrada, Melhor Prato Principal e Melhor Sobremesa. </p>
<p>Venha se deliciar com o que Cabo Frio tem de melhor!
</p></div>
<h2 style="text-align: center;">Apoio</h2>
<ul style="display: flex;  flex-wrap: wrap; justify-content: center; margin-bottom: 0px;">
</p>
<li style="height: auto; overflow: hidden; border-bottom: none;"><a href="http://www.shoppingparklagos.com.br/" target="_blank">
<div style="background-image: url(https://saboresdecabofrio.com.br/edicoes/wp-content/uploads/2016/08/Logo-ParkLagos.png);     width: 180px;   height: 120px;     background-size: cover; background-repeat: no-repeat; background-position: center; "></div>
<p></a></li>
<p></p>
<li style="height: auto; overflow: hidden; border-bottom: none;"><a href="https://facebook.com/intertvrj" target="_blank">
<div style="background-image: url(https://saboresdecabofrio.com.br/edicoes/wp-content/uploads/2016/08/Logo-InterTV-Nova4.png);     width: 180px;   height: 120px;     background-size: cover; background-repeat: no-repeat; background-position: center; "></div>
<p></a></li>
<p></p>
<li style="height: auto; overflow: hidden; border-bottom: none;"><a href="http://www.prolagos.com.br/" target="_blank">
<div style="background-image: url(https://saboresdecabofrio.com.br/edicoes/wp-content/uploads/2016/08/prolagos-ago2019.png);     width: 180px;   height: 120px;     background-size: cover; background-repeat: no-repeat; background-position: center; "></div>
<p></a></li>
<p></p>
<li style="height: auto; overflow: hidden; border-bottom: none;"><a href="http://terrali.com.br/site/" target="_blank">
<div style="background-image: url(https://saboresdecabofrio.com.br/edicoes/wp-content/uploads/2016/08/Logo-Terrali.png);     width: 180px;   height: 120px;     background-size: cover; background-repeat: no-repeat; background-position: center; "></div>
<p></a></li>
<p>
</ul>
<ul style="display: flex;  flex-wrap: wrap; justify-content: center; margin-bottom: 0px;">
</p>
<li style="height: auto; overflow: hidden; border-bottom: none;"><a href="https://facebook.com/CCR-ViaLagos-232168100164273" target="_blank">
<div style="background-image: url(https://saboresdecabofrio.com.br/edicoes/wp-content/uploads/2016/08/ccr-marcas-ago2017.png);     width: 100px;   height: 100px;     background-size: cover; background-repeat: no-repeat; background-position: center; "></div>
<p></a></li>
<p>
</ul>
