{"id":4253,"date":"2018-08-04T13:03:15","date_gmt":"2018-08-04T16:03:15","guid":{"rendered":"https:\/\/saboresdecabofrio.com.br\/edicoes\/?page_id=4253"},"modified":"2018-09-03T17:22:31","modified_gmt":"2018-09-03T20:22:31","slug":"festival-2018","status":"publish","type":"page","link":"https:\/\/saboresdecabofrio.com.br\/edicoes\/festival-2018\/","title":{"rendered":"Festival 2018"},"content":{"rendered":"<style>\n@media only screen and (max-width: 479px) {\n.container > ul {\n  justify-content: center !important;\n}\n}\n.container > ul {\n  justify-content: space-around;\n}\n<\/style>\n<h2 style=\"text-align: center;\">Patroc\u00ednio<\/h2>\n<ul style=\"display: flex;  flex-wrap: wrap;\">\n<\/p>\n<li style=\"height: auto; overflow: hidden; border-bottom: none;\"><a href=\"http:\/\/www.hayasa.com.br\/\" target=\"_blank\">\n<div style=\"background-image: url(https:\/\/saboresdecabofrio.com.br\/edicoes\/wp-content\/uploads\/2018\/08\/hayasa2.png);     width: 180px;   height: 150px;     background-size: cover; background-repeat: no-repeat; background-position: center; \"><\/div>\n<p><\/a><\/li>\n<p><\/p>\n<li style=\"height: auto; overflow: hidden; border-bottom: none;\"><a href=\"http:\/\/www.autoviacao1001.com.br\/\" target=\"_blank\">\n<div style=\"background-image: url(https:\/\/saboresdecabofrio.com.br\/edicoes\/wp-content\/uploads\/2018\/08\/Autoviacao1001.png);     width: 180px;   height: 150px;     background-size: cover; background-repeat: no-repeat; background-position: center; \"><\/div>\n<p><\/a><\/li>\n<p><\/p>\n<li style=\"height: auto; overflow: hidden; border-bottom: none;\"><a href=\"https:\/\/www.portorealcabofrio.com.br\/\" target=\"_blank\">\n<div style=\"background-image: url(https:\/\/saboresdecabofrio.com.br\/edicoes\/wp-content\/uploads\/2018\/08\/PortoReal-Colorido2018-2-1.png);     width: 180px;   height: 150px;     background-size: cover; background-repeat: no-repeat; background-position: center; \"><\/div>\n<p><\/a><\/li>\n<p><\/p>\n<li style=\"height: auto; overflow: hidden; border-bottom: none;\"><a href=\"https:\/\/www.santander.com.br\/\" target=\"_blank\">\n<div style=\"background-image: url(https:\/\/saboresdecabofrio.com.br\/edicoes\/wp-content\/uploads\/2018\/08\/SantanderColorida-Ago2018.png);     width: 180px;   height: 150px;     background-size: cover; background-repeat: no-repeat; background-position: center; \"><\/div>\n<p><\/a><\/li>\n<p><\/p>\n<li style=\"height: auto; overflow: hidden; border-bottom: none;\"><a href=\"http:\/\/www.prolagos.com.br\/\" target=\"_blank\">\n<div style=\"background-image: url(https:\/\/saboresdecabofrio.com.br\/edicoes\/wp-content\/uploads\/2017\/08\/Logo-Prolagos-20anoscolorido.png);     width: 180px;   height: 150px;     background-size: cover; background-repeat: no-repeat; background-position: center; \"><\/div>\n<p><\/a><\/li>\n<p>\n<\/ul>\n<h1 style=\"text-align: center; margin-bottom: 30px;\">O Festival<\/h1>\n<div style=\"margin-left: 13px;\">\n<h2 style=\"text-align: center; margin-bottom: 0px;\">As origens da mesa de Cabo Frio ser\u00e3o as estrelas do Festival Gastron\u00f4mico de 2018<\/h2>\n<p style=\"text-align: center; margin-top: 0px; font-size: 16px; color: #808080;\">De 1\u00ba de setembro a 1\u00ba de outubro, mais de 60 restaurantes v\u00e3o apresentar pratos inspirados na hist\u00f3ria da cidade<\/p>\n<p>Uma das mais antigas cidades do Brasil, Cabo Frio recebeu influ\u00eancias diversas. No come\u00e7o era habitada por \u00edndios Tamoios, muitas invas\u00f5es e ocupa\u00e7\u00f5es aconteceram ao longo do tempo, com holandeses, franceses e, claro, portugueses morando na regi\u00e3o. Todos deixaram suas marcas. <\/p>\n<p>Os chefs e cozinheiros da cidade foram desafiados este ano a preparar pratos que mostrem um pouco dessas marcas. Na edi\u00e7\u00e3o do ano passado, mais de 40 mil pratos foram vendidos durante o per\u00edodo de realiza\u00e7\u00e3o do festival que j\u00e1 entrou no calend\u00e1rio do munic\u00edpio.<\/p>\n<p>A expectativa dos organizadores para este ano \u00e9 que mais de 60 restaurantes de Cabo Frio participem servindo receitas exclusivas para o evento a pre\u00e7os acess\u00edveis em vers\u00f5es pequenas de seus pratos, com valor a partir de R$ R$15,00. R$ 22 prato principal, R$ 17 entrada ou petisco e R$ 15 sobremesa.<\/p>\n<p>Al\u00e9m disso, o j\u00e1 tradicional Espa\u00e7o Gourmet ser\u00e1 montado no Shopping Park Lagos, onde chefs dos estabelecimentos participantes e convidados se apresentar\u00e3o e haver\u00e1 degusta\u00e7\u00e3o de produtos e servi\u00e7os de patrocinadores. Uma novidade da edi\u00e7\u00e3o de 2018 \u00e9 que o p\u00fablico tamb\u00e9m vai poder participar da vota\u00e7\u00e3o para eleger os melhores pratos.<\/p>\n<p>O 4\u00ba Festival Sabores de Cabo Frio \u00e9 uma realiza\u00e7\u00e3o do Cabo Frio Convention &#038; Visitors Bureau, Sebrae, Associa\u00e7\u00e3o de Hot\u00e9is de Cabo Frio e produ\u00e7\u00e3o da Tropic Produ\u00e7\u00f5es e Eventos.  <\/p>\n<\/div>\n<h2 style=\"text-align: center;\">Apoio<\/h2>\n<ul style=\"display: flex;  flex-wrap: wrap; justify-content: space-between; margin-bottom: 0px;\">\n<\/p>\n<li style=\"height: auto; overflow: hidden; border-bottom: none;\"><a href=\"http:\/\/www.shoppingparklagos.com.br\/\" target=\"_blank\">\n<div style=\"background-image: url(https:\/\/saboresdecabofrio.com.br\/edicoes\/wp-content\/uploads\/2016\/08\/Logo-ParkLagos.png);     width: 180px;   height: 180px;     background-size: cover; background-repeat: no-repeat; background-position: center; \"><\/div>\n<p><\/a><\/li>\n<p><\/p>\n<li style=\"height: auto; overflow: hidden; border-bottom: none;\"><a href=\"https:\/\/facebook.com\/intertvrj\" target=\"_blank\">\n<div style=\"background-image: url(https:\/\/saboresdecabofrio.com.br\/edicoes\/wp-content\/uploads\/2016\/08\/Logo-InterTV-Nova4.png);     width: 180px;   height: 180px;     background-size: cover; background-repeat: no-repeat; background-position: center; \"><\/div>\n<p><\/a><\/li>\n<p><\/p>\n<li style=\"height: auto; overflow: hidden; border-bottom: none;\"><a href=\"http:\/\/www.cabofrio.rj.gov.br\/\" target=\"_blank\">\n<div style=\"background-image: url(https:\/\/saboresdecabofrio.com.br\/edicoes\/wp-content\/uploads\/2018\/08\/TurismoCaboFrio-Colorido2018.png);     width: 180px;   height: 180px;     background-size: cover; background-repeat: no-repeat; background-position: center; \"><\/div>\n<p><\/a><\/li>\n<p><\/p>\n<li style=\"height: auto; overflow: hidden; border-bottom: none;\"><a href=\"https:\/\/www.facebook.com\/radiolitoral\" target=\"_blank\">\n<div style=\"background-image: url(https:\/\/saboresdecabofrio.com.br\/edicoes\/wp-content\/uploads\/2016\/08\/Logo-LitoralFM.png);     width: 180px;   height: 180px;     background-size: cover; background-repeat: no-repeat; background-position: center; \"><\/div>\n<p><\/a><\/li>\n<p><\/p>\n<li style=\"height: auto; overflow: hidden; border-bottom: none;\"><a href=\"https:\/\/www.facebook.com\/RicosTV.net\/\" target=\"_blank\">\n<div style=\"background-image: url(https:\/\/saboresdecabofrio.com.br\/edicoes\/wp-content\/uploads\/2018\/08\/Ricos-Eventos.png);     width: 180px;   height: 180px;     background-size: cover; background-repeat: no-repeat; background-position: center; \"><\/div>\n<p><\/a><\/li>\n<p><\/p>\n<li style=\"height: auto; overflow: hidden; border-bottom: none;\"><a href=\"https:\/\/www.facebook.com\/umapitadacf\/\" target=\"_blank\">\n<div style=\"background-image: url(https:\/\/saboresdecabofrio.com.br\/edicoes\/wp-content\/uploads\/2018\/08\/UmPitadaEspeciarias-Colorido2018-2.png);     width: 180px;   height: 180px;     background-size: cover; background-repeat: no-repeat; background-position: center; \"><\/div>\n<p><\/a><\/li>\n<p><\/p>\n<li style=\"height: auto; overflow: hidden; border-bottom: none;\"><a href=\"https:\/\/www.facebook.com\/marcenariaitajuru.cabofrio\/\" target=\"_blank\">\n<div style=\"background-image: url(https:\/\/saboresdecabofrio.com.br\/edicoes\/wp-content\/uploads\/2017\/08\/Marcenaria-Itajuru-3.png);     width: 180px;   height: 180px;     background-size: cover; background-repeat: no-repeat; background-position: center; \"><\/div>\n<p><\/a><\/li>\n<p><\/p>\n<li style=\"height: auto; overflow: hidden; border-bottom: none;\"><a href=\"\" target=\"_blank\">\n<div style=\"background-image: url(https:\/\/saboresdecabofrio.com.br\/edicoes\/wp-content\/uploads\/2018\/08\/GabrielaTardelli-Colorido2018-2.png);     width: 180px;   height: 180px;     background-size: cover; background-repeat: no-repeat; background-position: center; \"><\/div>\n<p><\/a><\/li>\n<p><\/p>\n<li style=\"height: auto; overflow: hidden; border-bottom: none;\"><a href=\"https:\/\/serinstituto.com.br\/\" target=\"_blank\">\n<div style=\"background-image: url(https:\/\/saboresdecabofrio.com.br\/edicoes\/wp-content\/uploads\/2017\/09\/LOGO-2-b.png);     width: 180px;   height: 180px;     background-size: cover; background-repeat: no-repeat; background-position: center; \"><\/div>\n<p><\/a><\/li>\n<p><\/p>\n<li style=\"height: auto; overflow: hidden; border-bottom: none;\"><a href=\"https:\/\/pt-br.facebook.com\/PassaliniBuffet\/\" target=\"_blank\">\n<div style=\"background-image: url(https:\/\/saboresdecabofrio.com.br\/edicoes\/wp-content\/uploads\/2017\/08\/passalini-ago2018.png);     width: 180px;   height: 180px;     background-size: cover; background-repeat: no-repeat; background-position: center; \"><\/div>\n<p><\/a><\/li>\n<p><\/p>\n<li style=\"height: auto; overflow: hidden; border-bottom: none;\"><a href=\"https:\/\/www.facebook.com\/apazevedoeventos\" target=\"_blank\">\n<div style=\"background-image: url(https:\/\/saboresdecabofrio.com.br\/edicoes\/wp-content\/uploads\/2017\/08\/AnaPaulaAzevedo-Ago2018b.png);     width: 180px;   height: 180px;     background-size: cover; background-repeat: no-repeat; background-position: center; \"><\/div>\n<p><\/a><\/li>\n<p><\/p>\n<li style=\"height: auto; overflow: hidden; border-bottom: none;\"><a href=\"https:\/\/facebook.com\/CCR-ViaLagos-232168100164273\" target=\"_blank\">\n<div style=\"background-image: url(https:\/\/saboresdecabofrio.com.br\/edicoes\/wp-content\/uploads\/2016\/08\/ccr-marcas-ago2017.png);     width: 180px;   height: 180px;     background-size: cover; background-repeat: no-repeat; background-position: center; \"><\/div>\n<p><\/a><\/li>\n<p><\/p>\n<li style=\"height: auto; overflow: hidden; border-bottom: none;\"><a href=\"https:\/\/www.allconfiancegroup.com.br\/\" target=\"_blank\">\n<div style=\"background-image: url(https:\/\/saboresdecabofrio.com.br\/edicoes\/wp-content\/uploads\/2016\/08\/All-Confiance-Group-Ago2019-2.png);     width: 180px;   height: 180px;     background-size: cover; background-repeat: no-repeat; background-position: center; \"><\/div>\n<p><\/a><\/li>\n<p><\/p>\n<li style=\"height: auto; overflow: hidden; border-bottom: none;\"><a href=\"https:\/\/www.facebook.com\/MarzuloFotografia-594391570755081\/\" target=\"_blank\">\n<div style=\"background-image: url(https:\/\/saboresdecabofrio.com.br\/edicoes\/wp-content\/uploads\/2018\/08\/Logo-Marzulo.png);     width: 180px;   height: 180px;     background-size: cover; background-repeat: no-repeat; background-position: center; \"><\/div>\n<p><\/a><\/li>\n<p><\/p>\n<li style=\"height: auto; overflow: hidden; border-bottom: none;\"><a href=\"http:\/\/www.ramirescontabilidade.com.br\/\" target=\"_blank\">\n<div style=\"background-image: url(https:\/\/saboresdecabofrio.com.br\/edicoes\/wp-content\/uploads\/2018\/08\/Ramires-Contabilidade.png);     width: 180px;   height: 180px;     background-size: cover; background-repeat: no-repeat; background-position: center; \"><\/div>\n<p><\/a><\/li>\n<p><\/p>\n<li style=\"height: auto; overflow: hidden; border-bottom: none;\"><a href=\"https:\/\/pt-br.facebook.com\/TemFrutasSupermercado\/\" target=\"_blank\">\n<div style=\"background-image: url(https:\/\/saboresdecabofrio.com.br\/edicoes\/wp-content\/uploads\/2018\/08\/TemFrutas-Ago2018.png);     width: 180px;   height: 180px;     background-size: cover; background-repeat: no-repeat; background-position: center; \"><\/div>\n<p><\/a><\/li>\n<p><\/p>\n<li style=\"height: auto; overflow: hidden; border-bottom: none;\"><a href=\"http:\/\/www.boibom.com.br\/\" target=\"_blank\">\n<div style=\"background-image: url(https:\/\/saboresdecabofrio.com.br\/edicoes\/wp-content\/uploads\/2018\/08\/logo-BOIBOM-1.png);     width: 180px;   height: 180px;     background-size: cover; background-repeat: no-repeat; background-position: center; \"><\/div>\n<p><\/a><\/li>\n<p><\/p>\n<li style=\"height: auto; overflow: hidden; border-bottom: none;\"><a href=\"https:\/\/www.facebook.com\/cabofrioapp\" target=\"_blank\">\n<div style=\"background-image: url(https:\/\/saboresdecabofrio.com.br\/edicoes\/wp-content\/uploads\/2018\/08\/LogoCaboFrioApp-Ago2018.png);     width: 180px;   height: 180px;     background-size: cover; background-repeat: no-repeat; background-position: center; \"><\/div>\n<p><\/a><\/li>\n<p>\n<\/ul>\n<ul style=\"display: flex;  flex-wrap: wrap; justify-content: space-around; margin-bottom: 0px;\">\n\n<\/ul>\n","protected":false},"excerpt":{"rendered":"","protected":false},"author":3,"featured_media":0,"parent":0,"menu_order":0,"comment_status":"closed","ping_status":"closed","template":"","meta":{"yasr_overall_rating":0,"yasr_post_is_review":"","yasr_auto_insert_disabled":"","yasr_review_type":""},"acf":[],"yasr_visitor_votes":{"number_of_votes":0,"sum_votes":0,"stars_attributes":{"read_only":false,"span_bottom":false}},"_links":{"self":[{"href":"https:\/\/saboresdecabofrio.com.br\/edicoes\/wp-json\/wp\/v2\/pages\/4253"}],"collection":[{"href":"https:\/\/saboresdecabofrio.com.br\/edicoes\/wp-json\/wp\/v2\/pages"}],"about":[{"href":"https:\/\/saboresdecabofrio.com.br\/edicoes\/wp-json\/wp\/v2\/types\/page"}],"author":[{"embeddable":true,"href":"https:\/\/saboresdecabofrio.com.br\/edicoes\/wp-json\/wp\/v2\/users\/3"}],"replies":[{"embeddable":true,"href":"https:\/\/saboresdecabofrio.com.br\/edicoes\/wp-json\/wp\/v2\/comments?post=4253"}],"version-history":[{"count":10,"href":"https:\/\/saboresdecabofrio.com.br\/edicoes\/wp-json\/wp\/v2\/pages\/4253\/revisions"}],"predecessor-version":[{"id":4924,"href":"https:\/\/saboresdecabofrio.com.br\/edicoes\/wp-json\/wp\/v2\/pages\/4253\/revisions\/4924"}],"wp:attachment":[{"href":"https:\/\/saboresdecabofrio.com.br\/edicoes\/wp-json\/wp\/v2\/media?parent=4253"}],"curies":[{"name":"wp","href":"https:\/\/api.w.org\/{rel}","templated":true}]}}

<style>
@media only screen and (max-width: 479px) {
.container > ul {
  justify-content: center !important;
}
}
.container > ul {
  justify-content: space-around;
}
</style>
<h2 style="text-align: center;">Patrocínio</h2>
<ul style="display: flex;  flex-wrap: wrap;">
</p>
<li style="height: auto; overflow: hidden; border-bottom: none;"><a href="http://www.hayasa.com.br/" target="_blank">
<div style="background-image: url(https://saboresdecabofrio.com.br/edicoes/wp-content/uploads/2018/08/hayasa2.png);     width: 180px;   height: 150px;     background-size: cover; background-repeat: no-repeat; background-position: center; "></div>
<p></a></li>
<p></p>
<li style="height: auto; overflow: hidden; border-bottom: none;"><a href="http://www.autoviacao1001.com.br/" target="_blank">
<div style="background-image: url(https://saboresdecabofrio.com.br/edicoes/wp-content/uploads/2018/08/Autoviacao1001.png);     width: 180px;   height: 150px;     background-size: cover; background-repeat: no-repeat; background-position: center; "></div>
<p></a></li>
<p></p>
<li style="height: auto; overflow: hidden; border-bottom: none;"><a href="https://www.portorealcabofrio.com.br/" target="_blank">
<div style="background-image: url(https://saboresdecabofrio.com.br/edicoes/wp-content/uploads/2018/08/PortoReal-Colorido2018-2-1.png);     width: 180px;   height: 150px;     background-size: cover; background-repeat: no-repeat; background-position: center; "></div>
<p></a></li>
<p></p>
<li style="height: auto; overflow: hidden; border-bottom: none;"><a href="https://www.santander.com.br/" target="_blank">
<div style="background-image: url(https://saboresdecabofrio.com.br/edicoes/wp-content/uploads/2018/08/SantanderColorida-Ago2018.png);     width: 180px;   height: 150px;     background-size: cover; background-repeat: no-repeat; background-position: center; "></div>
<p></a></li>
<p></p>
<li style="height: auto; overflow: hidden; border-bottom: none;"><a href="http://www.prolagos.com.br/" target="_blank">
<div style="background-image: url(https://saboresdecabofrio.com.br/edicoes/wp-content/uploads/2017/08/Logo-Prolagos-20anoscolorido.png);     width: 180px;   height: 150px;     background-size: cover; background-repeat: no-repeat; background-position: center; "></div>
<p></a></li>
<p>
</ul>
<h1 style="text-align: center; margin-bottom: 30px;">O Festival</h1>
<div style="margin-left: 13px;">
<h2 style="text-align: center; margin-bottom: 0px;">As origens da mesa de Cabo Frio serão as estrelas do Festival Gastronômico de 2018</h2>
<p style="text-align: center; margin-top: 0px; font-size: 16px; color: #808080;">De 1º de setembro a 1º de outubro, mais de 60 restaurantes vão apresentar pratos inspirados na história da cidade</p>
<p>Uma das mais antigas cidades do Brasil, Cabo Frio recebeu influências diversas. No começo era habitada por índios Tamoios, muitas invasões e ocupações aconteceram ao longo do tempo, com holandeses, franceses e, claro, portugueses morando na região. Todos deixaram suas marcas. </p>
<p>Os chefs e cozinheiros da cidade foram desafiados este ano a preparar pratos que mostrem um pouco dessas marcas. Na edição do ano passado, mais de 40 mil pratos foram vendidos durante o período de realização do festival que já entrou no calendário do município.</p>
<p>A expectativa dos organizadores para este ano é que mais de 60 restaurantes de Cabo Frio participem servindo receitas exclusivas para o evento a preços acessíveis em versões pequenas de seus pratos, com valor a partir de R$ R$15,00. R$ 22 prato principal, R$ 17 entrada ou petisco e R$ 15 sobremesa.</p>
<p>Além disso, o já tradicional Espaço Gourmet será montado no Shopping Park Lagos, onde chefs dos estabelecimentos participantes e convidados se apresentarão e haverá degustação de produtos e serviços de patrocinadores. Uma novidade da edição de 2018 é que o público também vai poder participar da votação para eleger os melhores pratos.</p>
<p>O 4º Festival Sabores de Cabo Frio é uma realização do Cabo Frio Convention &#038; Visitors Bureau, Sebrae, Associação de Hotéis de Cabo Frio e produção da Tropic Produções e Eventos.  </p>
</div>
<h2 style="text-align: center;">Apoio</h2>
<ul style="display: flex;  flex-wrap: wrap; justify-content: space-between; margin-bottom: 0px;">
</p>
<li style="height: auto; overflow: hidden; border-bottom: none;"><a href="http://www.shoppingparklagos.com.br/" target="_blank">
<div style="background-image: url(https://saboresdecabofrio.com.br/edicoes/wp-content/uploads/2016/08/Logo-ParkLagos.png);     width: 180px;   height: 180px;     background-size: cover; background-repeat: no-repeat; background-position: center; "></div>
<p></a></li>
<p></p>
<li style="height: auto; overflow: hidden; border-bottom: none;"><a href="https://facebook.com/intertvrj" target="_blank">
<div style="background-image: url(https://saboresdecabofrio.com.br/edicoes/wp-content/uploads/2016/08/Logo-InterTV-Nova4.png);     width: 180px;   height: 180px;     background-size: cover; background-repeat: no-repeat; background-position: center; "></div>
<p></a></li>
<p></p>
<li style="height: auto; overflow: hidden; border-bottom: none;"><a href="http://www.cabofrio.rj.gov.br/" target="_blank">
<div style="background-image: url(https://saboresdecabofrio.com.br/edicoes/wp-content/uploads/2018/08/TurismoCaboFrio-Colorido2018.png);     width: 180px;   height: 180px;     background-size: cover; background-repeat: no-repeat; background-position: center; "></div>
<p></a></li>
<p></p>
<li style="height: auto; overflow: hidden; border-bottom: none;"><a href="https://www.facebook.com/radiolitoral" target="_blank">
<div style="background-image: url(https://saboresdecabofrio.com.br/edicoes/wp-content/uploads/2016/08/Logo-LitoralFM.png);     width: 180px;   height: 180px;     background-size: cover; background-repeat: no-repeat; background-position: center; "></div>
<p></a></li>
<p></p>
<li style="height: auto; overflow: hidden; border-bottom: none;"><a href="https://www.facebook.com/RicosTV.net/" target="_blank">
<div style="background-image: url(https://saboresdecabofrio.com.br/edicoes/wp-content/uploads/2018/08/Ricos-Eventos.png);     width: 180px;   height: 180px;     background-size: cover; background-repeat: no-repeat; background-position: center; "></div>
<p></a></li>
<p></p>
<li style="height: auto; overflow: hidden; border-bottom: none;"><a href="https://www.facebook.com/umapitadacf/" target="_blank">
<div style="background-image: url(https://saboresdecabofrio.com.br/edicoes/wp-content/uploads/2018/08/UmPitadaEspeciarias-Colorido2018-2.png);     width: 180px;   height: 180px;     background-size: cover; background-repeat: no-repeat; background-position: center; "></div>
<p></a></li>
<p></p>
<li style="height: auto; overflow: hidden; border-bottom: none;"><a href="https://www.facebook.com/marcenariaitajuru.cabofrio/" target="_blank">
<div style="background-image: url(https://saboresdecabofrio.com.br/edicoes/wp-content/uploads/2017/08/Marcenaria-Itajuru-3.png);     width: 180px;   height: 180px;     background-size: cover; background-repeat: no-repeat; background-position: center; "></div>
<p></a></li>
<p></p>
<li style="height: auto; overflow: hidden; border-bottom: none;"><a href="" target="_blank">
<div style="background-image: url(https://saboresdecabofrio.com.br/edicoes/wp-content/uploads/2018/08/GabrielaTardelli-Colorido2018-2.png);     width: 180px;   height: 180px;     background-size: cover; background-repeat: no-repeat; background-position: center; "></div>
<p></a></li>
<p></p>
<li style="height: auto; overflow: hidden; border-bottom: none;"><a href="https://serinstituto.com.br/" target="_blank">
<div style="background-image: url(https://saboresdecabofrio.com.br/edicoes/wp-content/uploads/2017/09/LOGO-2-b.png);     width: 180px;   height: 180px;     background-size: cover; background-repeat: no-repeat; background-position: center; "></div>
<p></a></li>
<p></p>
<li style="height: auto; overflow: hidden; border-bottom: none;"><a href="https://pt-br.facebook.com/PassaliniBuffet/" target="_blank">
<div style="background-image: url(https://saboresdecabofrio.com.br/edicoes/wp-content/uploads/2017/08/passalini-ago2018.png);     width: 180px;   height: 180px;     background-size: cover; background-repeat: no-repeat; background-position: center; "></div>
<p></a></li>
<p></p>
<li style="height: auto; overflow: hidden; border-bottom: none;"><a href="https://www.facebook.com/apazevedoeventos" target="_blank">
<div style="background-image: url(https://saboresdecabofrio.com.br/edicoes/wp-content/uploads/2017/08/AnaPaulaAzevedo-Ago2018b.png);     width: 180px;   height: 180px;     background-size: cover; background-repeat: no-repeat; background-position: center; "></div>
<p></a></li>
<p></p>
<li style="height: auto; overflow: hidden; border-bottom: none;"><a href="https://facebook.com/CCR-ViaLagos-232168100164273" target="_blank">
<div style="background-image: url(https://saboresdecabofrio.com.br/edicoes/wp-content/uploads/2016/08/ccr-marcas-ago2017.png);     width: 180px;   height: 180px;     background-size: cover; background-repeat: no-repeat; background-position: center; "></div>
<p></a></li>
<p></p>
<li style="height: auto; overflow: hidden; border-bottom: none;"><a href="https://www.allconfiancegroup.com.br/" target="_blank">
<div style="background-image: url(https://saboresdecabofrio.com.br/edicoes/wp-content/uploads/2016/08/All-Confiance-Group-Ago2019-2.png);     width: 180px;   height: 180px;     background-size: cover; background-repeat: no-repeat; background-position: center; "></div>
<p></a></li>
<p></p>
<li style="height: auto; overflow: hidden; border-bottom: none;"><a href="https://www.facebook.com/MarzuloFotografia-594391570755081/" target="_blank">
<div style="background-image: url(https://saboresdecabofrio.com.br/edicoes/wp-content/uploads/2018/08/Logo-Marzulo.png);     width: 180px;   height: 180px;     background-size: cover; background-repeat: no-repeat; background-position: center; "></div>
<p></a></li>
<p></p>
<li style="height: auto; overflow: hidden; border-bottom: none;"><a href="http://www.ramirescontabilidade.com.br/" target="_blank">
<div style="background-image: url(https://saboresdecabofrio.com.br/edicoes/wp-content/uploads/2018/08/Ramires-Contabilidade.png);     width: 180px;   height: 180px;     background-size: cover; background-repeat: no-repeat; background-position: center; "></div>
<p></a></li>
<p></p>
<li style="height: auto; overflow: hidden; border-bottom: none;"><a href="https://pt-br.facebook.com/TemFrutasSupermercado/" target="_blank">
<div style="background-image: url(https://saboresdecabofrio.com.br/edicoes/wp-content/uploads/2018/08/TemFrutas-Ago2018.png);     width: 180px;   height: 180px;     background-size: cover; background-repeat: no-repeat; background-position: center; "></div>
<p></a></li>
<p></p>
<li style="height: auto; overflow: hidden; border-bottom: none;"><a href="http://www.boibom.com.br/" target="_blank">
<div style="background-image: url(https://saboresdecabofrio.com.br/edicoes/wp-content/uploads/2018/08/logo-BOIBOM-1.png);     width: 180px;   height: 180px;     background-size: cover; background-repeat: no-repeat; background-position: center; "></div>
<p></a></li>
<p></p>
<li style="height: auto; overflow: hidden; border-bottom: none;"><a href="https://www.facebook.com/cabofrioapp" target="_blank">
<div style="background-image: url(https://saboresdecabofrio.com.br/edicoes/wp-content/uploads/2018/08/LogoCaboFrioApp-Ago2018.png);     width: 180px;   height: 180px;     background-size: cover; background-repeat: no-repeat; background-position: center; "></div>
<p></a></li>
<p>
</ul>
<ul style="display: flex;  flex-wrap: wrap; justify-content: space-around; margin-bottom: 0px;">

</ul>
