{"id":7175,"date":"2020-08-20T14:59:43","date_gmt":"2020-08-20T17:59:43","guid":{"rendered":"https:\/\/saboresdecabofrio.com.br\/edicoes\/?page_id=7175"},"modified":"2020-08-26T11:18:28","modified_gmt":"2020-08-26T14:18:28","slug":"festival-2020","status":"publish","type":"page","link":"https:\/\/saboresdecabofrio.com.br\/edicoes\/festival-2020\/","title":{"rendered":"Festival 2020"},"content":{"rendered":"<style>\n@media only screen and (max-width: 479px) {\n.container > ul {\n  justify-content: center !important;\n}\n}\n.container > ul {\n  justify-content: space-around;\n}\n<\/style>\n<h2 style=\"text-align: center;\">Patroc\u00ednio<\/h2>\n<ul style=\"display: flex;  flex-wrap: wrap;\">\n<\/p>\n<li style=\"height: auto; overflow: hidden; border-bottom: none;\"><a href=\"https:\/\/www.facebook.com\/QOndaModaPraiaCaboFrio\/\" target=\"_blank\" rel=\"noopener noreferrer\">\n<div style=\"background-image: url(https:\/\/saboresdecabofrio.com.br\/edicoes\/wp-content\/uploads\/2020\/08\/Q-onda-praia3.png);     width: 180px;   height: 100px;     background-size: cover; background-repeat: no-repeat; background-position: center; \"><\/div>\n<p><\/a><\/li>\n<p><\/p>\n<li style=\"height: auto; overflow: hidden; border-bottom: none;\"><a href=\"https:\/\/linktr.ee\/flysportsoficial\" target=\"_blank\" rel=\"noopener noreferrer\">\n<div style=\"background-image: url(https:\/\/saboresdecabofrio.com.br\/edicoes\/wp-content\/uploads\/2020\/08\/fly-2020.png);     width: 180px;   height: 100px;     background-size: cover; background-repeat: no-repeat; background-position: center; \"><\/div>\n<p><\/a><\/li>\n<p><\/p>\n<li style=\"height: auto; overflow: hidden; border-bottom: none;\"><a href=\"http:\/\/r2ooh.com.br\/site\/\" target=\"_blank\" rel=\"noopener noreferrer\">\n<div style=\"background-image: url(https:\/\/saboresdecabofrio.com.br\/edicoes\/wp-content\/uploads\/2020\/08\/R2OOH-Logo-1.png);     width: 180px;   height: 100px;     background-size: cover; background-repeat: no-repeat; background-position: center; \"><\/div>\n<p><\/a><\/li>\n<p><\/p>\n<li style=\"height: auto; overflow: hidden; border-bottom: none;\"><a href=\"http:\/\/www.shoppingparklagos.com.br\/\" target=\"_blank\" rel=\"noopener noreferrer\">\n<div style=\"background-image: url(https:\/\/saboresdecabofrio.com.br\/edicoes\/wp-content\/uploads\/2016\/08\/Logo-ParkLagos.png);     width: 180px;   height: 100px;     background-size: cover; background-repeat: no-repeat; background-position: center; \"><\/div>\n<p><\/a><\/li>\n<p><\/p>\n<li style=\"height: auto; overflow: hidden; border-bottom: none;\"><a href=\"https:\/\/www.assai.com.br\/\" target=\"_blank\" rel=\"noopener noreferrer\">\n<div style=\"background-image: url(https:\/\/saboresdecabofrio.com.br\/edicoes\/wp-content\/uploads\/2020\/08\/assai-ago2020.png);     width: 180px;   height: 100px;     background-size: cover; background-repeat: no-repeat; background-position: center; \"><\/div>\n<p><\/a><\/li>\n<p>\n<\/ul>\n<h1 style=\"text-align: center; margin-bottom: 30px; margin-top: 30px;\">O Festival<\/h1>\n<div style=\"margin-left: 13px;\">\n<h2 style=\"text-align: center; margin-bottom: 0px;\">Sexta edi\u00e7\u00e3o do Festival Sabores de Cabo Frio acontece em setembro<\/h2>\n<p style=\"text-align: center; margin-top: 0px; font-size: 16px; color: #808080;\">Evento celebra a retomada das atividades tur\u00edsticas na regi\u00e3o, reunindo cerca de 50 restaurantes que prometem del\u00edcias inspiradas nos \u201cTemperos do Brasil\u201d<\/p>\n<p>Em tempos de busca de refer\u00eancias, afeto e aconchego &#8211; e tamb\u00e9m de valorizar o que \u00e9 da nossa terra &#8211; a sexta edi\u00e7\u00e3o do Festival Sabores de Cabo Frio se inspira em uma tem\u00e1tica perfeita para agu\u00e7ar os sentidos: &#8220;Temperos do Brasil&#8221;. O evento acontece entre 4 de setembro e 4 de outubro (\u00f3tima pedida para curtir o feriad\u00e3o do Dia da Independ\u00eancia), celebrando a retomada das atividades tur\u00edsticas na Costa do Sol. Esse ano, por conta do atual momento, h\u00e1 novidades: uma delas \u00e9 o servi\u00e7o de delivery, opcional para os cerca de 50 restaurantes participantes.<\/p>\n<p>O festival segue o exemplo das edi\u00e7\u00f5es anteriores, com os estabelecimentos apresentando receitas criadas ou recriadas exclusivamente para o Sabores, servidas a pre\u00e7os fixos. As entradas e os petiscos custam R$ 30; os pratos principais, R$ 45; e as sobremesas, R$ 15. As por\u00e7\u00f5es ser\u00e3o servidas no tamanho individual dos restaurantes. A fim de evitar alta rotatividade e grande circula\u00e7\u00e3o de pessoas nos ambientes, e considerando que os estabelecimentos est\u00e3o funcionando com 50% da sua capacidade, a vers\u00e3o \u00b4petit\u00b4 (de at\u00e9 200 gramas) n\u00e3o estar\u00e1 dispon\u00edvel nessa edi\u00e7\u00e3o. <\/p>\n<p>As casas podem ainda oferecer combos ou o \u201cmenu completo do festival\u201d, incrementado a op\u00e7\u00e3o escolhida (entrada, prato principal ou sobremesa) com outros passos, ou sugerindo harmoniza\u00e7\u00e3o com bebidas.<\/p>\n<p>As del\u00edcias ficam em cartaz nos estabelecimentos participantes durante todo o per\u00edodo, sendo servidas de acordo com o hor\u00e1rio de funcionamento dos restaurantes e respeitando a capacidade limitada atualmente. <\/p>\n<p>Uma revista virtual com informa\u00e7\u00f5es como descritivo dos pratos, endere\u00e7os e hor\u00e1rios de funcionamento dos estabelecimentos pode ser baixada no celular, atrav\u00e9s de um QR Code. A divulga\u00e7\u00e3o dos pratos do festival acontece dia 26 de agosto, quando todos estar\u00e3o dispon\u00edveis no site do evento, com foto e descritivo. <\/p>\n<h3 style=\"text-align: center;\">Bons servi\u00e7os<\/h3>\n<p>A proposta do Sabores sempre foi a de apresentar a cidade durante a melhor temporada, fora do ver\u00e3o. E, desta forma, divulgar a qualidade e a variedade da gastronomia de Cabo Frio, assim como seus bons servi\u00e7os. O festival e\u0301, ainda, uma oportunidade para moradores de Cabo Frio e regia\u0303o explorarem a oferta gastron\u00f4mica local e experimentarem novos sabores. <\/p>\n<p>No momento atual, a proposta vai al\u00e9m: enfatizar os cuidados dos principais pilares do turismo no munic\u00edpio, como os setores de gastronomia e hospedagem, em rela\u00e7\u00e3o aos protocolos de seguran\u00e7a. Feito em parceria com a rede hoteleira, o festival ser\u00e1 um alento para os dois segmentos, profundamente impactados pela pandemia. <\/p>\n<p>O evento se consolidou como um dos principais produtos tur\u00edsticos do interior do estado e n\u00e3o poderia deixar de realizar sua sexta edi\u00e7\u00e3o, seguindo todos as recomenda\u00e7\u00f5es das autoridades sanit\u00e1rias. \u201cO Sabores j\u00e1 se tornou tradi\u00e7\u00e3o e faz parte do calend\u00e1rio de eventos da cidade e da Costa do Sol. Acreditamos que esta edi\u00e7\u00e3o ser\u00e1 um marco, celebrando a retomada das atividades tur\u00edstica e econ\u00f4mica em Cabo Frio\u201d, comenta Maria In\u00eas Oliveros, presidente do Cabo Frio Convention &#038; Visitors Bureau.<\/p>\n<p>O Festival Sabores de Cabo Frio \u00e9 uma realiza\u00e7\u00e3o da Associa\u00e7\u00e3o de Hot\u00e9is de Cabo Frio, Cabo Frio Convention &#038; Visitors Bureau e o Sebrae. A Tropic Produ\u00e7\u00f5es \u00e9 a empresa produtora do evento.  <\/p>\n<h3 style=\"text-align: center;\">Informa\u00e7\u00f5es \u00fateis para os turistas<\/h3>\n<p>A prefeitura da cidade de Cabo Frio ainda n\u00e3o liberou o acesso aos parques e \u00e0s praias (somente para pr\u00e1ticas esportivas individuais como corrida, caminhada, surf, canoa havaiana, stand up paddle e mergulho, al\u00e9m de banho). Restaurantes e com\u00e9rcio funcionam com limita\u00e7\u00f5es de espa\u00e7o e hor\u00e1rio. A hospedagem em pousadas e hot\u00e9is est\u00e1 liberada, com restri\u00e7\u00f5es e seguindo os decretos Municipal e Estadual. O uso de m\u00e1scara \u00e9 obrigat\u00f3rio nos espa\u00e7os p\u00fablicos.<\/p>\n<p><strong>6\u00b0 Festival Gastron\u00f4mico Sabores de Cabo Frio<\/strong><br \/>\n4 de setembro a 4 de outubro<\/p>\n<\/div>\n<h2 style=\"text-align: center;\">Apoio<\/h2>\n<ul style=\"display: flex;  flex-wrap: wrap; justify-content: center; margin-bottom: 0px;\">\n<\/p>\n<li style=\"height: auto; overflow: hidden; border-bottom: none;\"><a href=\"https:\/\/alfreddelivery.com\/\" target=\"_blank\" rel=\"noopener noreferrer\">\n<div style=\"background-image: url(https:\/\/saboresdecabofrio.com.br\/edicoes\/wp-content\/uploads\/2020\/08\/Logo-Alfred.png);     width: 150px;   height: 150px;     background-size: cover; background-repeat: no-repeat; background-position: center; \"><\/div>\n<p><\/a><\/li>\n<p><\/p>\n<li style=\"height: auto; overflow: hidden; border-bottom: none;\"><a href=\"https:\/\/redeglobo.globo.com\/rj\/intertvrj\/\" target=\"_blank\" rel=\"noopener noreferrer\">\n<div style=\"background-image: url(https:\/\/saboresdecabofrio.com.br\/edicoes\/wp-content\/uploads\/2020\/08\/Logo-InterTV.png);     width: 150px;   height: 150px;     background-size: cover; background-repeat: no-repeat; background-position: center; \"><\/div>\n<p><\/a><\/li>\n<p><\/p>\n<li style=\"height: auto; overflow: hidden; border-bottom: none;\"><a href=\"https:\/\/www.senac.br\/\" target=\"_blank\" rel=\"noopener noreferrer\">\n<div style=\"background-image: url(https:\/\/saboresdecabofrio.com.br\/edicoes\/wp-content\/uploads\/2020\/08\/Senac.png);     width: 150px;   height: 150px;     background-size: cover; background-repeat: no-repeat; background-position: center; \"><\/div>\n<p><\/a><\/li>\n<p><\/p>\n<li style=\"height: auto; overflow: hidden; border-bottom: none;\"><a href=\"https:\/\/www.radiolitoral945.com.br\/\" target=\"_blank\" rel=\"noopener noreferrer\">\n<div style=\"background-image: url(https:\/\/saboresdecabofrio.com.br\/edicoes\/wp-content\/uploads\/2020\/08\/Logo-Radio-Litoral.png);     width: 150px;   height: 150px;     background-size: cover; background-repeat: no-repeat; background-position: center; \"><\/div>\n<p><\/a><\/li>\n<p><\/p>\n<li style=\"height: auto; overflow: hidden; border-bottom: none;\"><a href=\"https:\/\/pt-br.facebook.com\/programaamauryvalerio\/\" target=\"_blank\" rel=\"noopener noreferrer\">\n<div style=\"background-image: url(https:\/\/saboresdecabofrio.com.br\/edicoes\/wp-content\/uploads\/2020\/08\/Logo-Amaury.png);     width: 150px;   height: 150px;     background-size: cover; background-repeat: no-repeat; background-position: center; \"><\/div>\n<p><\/a><\/li>\n<p><\/p>\n<li style=\"height: auto; overflow: hidden; border-bottom: none;\"><a href=\"https:\/\/www.estacao104fm.com.br\/\" target=\"_blank\" rel=\"noopener noreferrer\">\n<div style=\"background-image: url(https:\/\/saboresdecabofrio.com.br\/edicoes\/wp-content\/uploads\/2020\/08\/Logo104.png);     width: 150px;   height: 150px;     background-size: cover; background-repeat: no-repeat; background-position: center; \"><\/div>\n<p><\/a><\/li>\n<p><\/p>\n<li style=\"height: auto; overflow: hidden; border-bottom: none;\"><a href=\"http:\/\/www.redelitoral.tv.br\/\" target=\"_blank\" rel=\"noopener noreferrer\">\n<div style=\"background-image: url(https:\/\/saboresdecabofrio.com.br\/edicoes\/wp-content\/uploads\/2016\/08\/Logo-Sidnei.png);     width: 150px;   height: 150px;     background-size: cover; background-repeat: no-repeat; background-position: center; \"><\/div>\n<p><\/a><\/li>\n<p><\/p>\n<li style=\"height: auto; overflow: hidden; border-bottom: none;\"><a href=\"https:\/\/prensadebabel.com.br\/\" target=\"_blank\" rel=\"noopener noreferrer\">\n<div style=\"background-image: url(https:\/\/saboresdecabofrio.com.br\/edicoes\/wp-content\/uploads\/2020\/08\/Prensa-de-Babel2.png);     width: 150px;   height: 150px;     background-size: cover; background-repeat: no-repeat; background-position: center; \"><\/div>\n<p><\/a><\/li>\n<p><\/p>\n<li style=\"height: auto; overflow: hidden; border-bottom: none;\"><a href=\"http:\/\/www.radiocabofrio.com.br\/\" target=\"_blank\" rel=\"noopener noreferrer\">\n<div style=\"background-image: url(https:\/\/saboresdecabofrio.com.br\/edicoes\/wp-content\/uploads\/2020\/08\/logo-Radio-Cabo-Frio.png);     width: 150px;   height: 150px;     background-size: cover; background-repeat: no-repeat; background-position: center; \"><\/div>\n<p><\/a><\/li>\n<p><\/p>\n<li style=\"height: auto; overflow: hidden; border-bottom: none;\"><a href=\"http:\/\/www.catarinapropamarketing.com.br\/\" target=\"_blank\" rel=\"noopener noreferrer\">\n<div style=\"background-image: url(https:\/\/saboresdecabofrio.com.br\/edicoes\/wp-content\/uploads\/2020\/09\/Logo-Catarina-PropaMarketing.png);     width: 150px;   height: 150px;     background-size: cover; background-repeat: no-repeat; background-position: center; \"><\/div>\n<p><\/a><\/li>\n<p><\/p>\n<li style=\"height: auto; overflow: hidden; border-bottom: none;\"><a href=\"https:\/\/rlagosnoticias.com.br\/\" target=\"_blank\" rel=\"noopener noreferrer\">\n<div style=\"background-image: url(https:\/\/saboresdecabofrio.com.br\/edicoes\/wp-content\/uploads\/2020\/09\/Logo-Lagos-Noticias.png);     width: 150px;   height: 150px;     background-size: cover; background-repeat: no-repeat; background-position: center; \"><\/div>\n<p><\/a><\/li>\n<p>\n<\/ul>\n","protected":false},"excerpt":{"rendered":"","protected":false},"author":3,"featured_media":0,"parent":0,"menu_order":0,"comment_status":"closed","ping_status":"closed","template":"","meta":{"yasr_overall_rating":0,"yasr_post_is_review":"","yasr_auto_insert_disabled":"","yasr_review_type":"BlogPosting"},"acf":[],"yasr_visitor_votes":{"number_of_votes":0,"sum_votes":0,"stars_attributes":{"read_only":false,"span_bottom":false}},"_links":{"self":[{"href":"https:\/\/saboresdecabofrio.com.br\/edicoes\/wp-json\/wp\/v2\/pages\/7175"}],"collection":[{"href":"https:\/\/saboresdecabofrio.com.br\/edicoes\/wp-json\/wp\/v2\/pages"}],"about":[{"href":"https:\/\/saboresdecabofrio.com.br\/edicoes\/wp-json\/wp\/v2\/types\/page"}],"author":[{"embeddable":true,"href":"https:\/\/saboresdecabofrio.com.br\/edicoes\/wp-json\/wp\/v2\/users\/3"}],"replies":[{"embeddable":true,"href":"https:\/\/saboresdecabofrio.com.br\/edicoes\/wp-json\/wp\/v2\/comments?post=7175"}],"version-history":[{"count":6,"href":"https:\/\/saboresdecabofrio.com.br\/edicoes\/wp-json\/wp\/v2\/pages\/7175\/revisions"}],"predecessor-version":[{"id":7376,"href":"https:\/\/saboresdecabofrio.com.br\/edicoes\/wp-json\/wp\/v2\/pages\/7175\/revisions\/7376"}],"wp:attachment":[{"href":"https:\/\/saboresdecabofrio.com.br\/edicoes\/wp-json\/wp\/v2\/media?parent=7175"}],"curies":[{"name":"wp","href":"https:\/\/api.w.org\/{rel}","templated":true}]}}

<style>
@media only screen and (max-width: 479px) {
.container > ul {
  justify-content: center !important;
}
}
.container > ul {
  justify-content: space-around;
}
</style>
<h2 style="text-align: center;">Patrocínio</h2>
<ul style="display: flex;  flex-wrap: wrap;">
</p>
<li style="height: auto; overflow: hidden; border-bottom: none;"><a href="https://www.facebook.com/QOndaModaPraiaCaboFrio/" target="_blank" rel="noopener noreferrer">
<div style="background-image: url(https://saboresdecabofrio.com.br/edicoes/wp-content/uploads/2020/08/Q-onda-praia3.png);     width: 180px;   height: 100px;     background-size: cover; background-repeat: no-repeat; background-position: center; "></div>
<p></a></li>
<p></p>
<li style="height: auto; overflow: hidden; border-bottom: none;"><a href="https://linktr.ee/flysportsoficial" target="_blank" rel="noopener noreferrer">
<div style="background-image: url(https://saboresdecabofrio.com.br/edicoes/wp-content/uploads/2020/08/fly-2020.png);     width: 180px;   height: 100px;     background-size: cover; background-repeat: no-repeat; background-position: center; "></div>
<p></a></li>
<p></p>
<li style="height: auto; overflow: hidden; border-bottom: none;"><a href="http://r2ooh.com.br/site/" target="_blank" rel="noopener noreferrer">
<div style="background-image: url(https://saboresdecabofrio.com.br/edicoes/wp-content/uploads/2020/08/R2OOH-Logo-1.png);     width: 180px;   height: 100px;     background-size: cover; background-repeat: no-repeat; background-position: center; "></div>
<p></a></li>
<p></p>
<li style="height: auto; overflow: hidden; border-bottom: none;"><a href="http://www.shoppingparklagos.com.br/" target="_blank" rel="noopener noreferrer">
<div style="background-image: url(https://saboresdecabofrio.com.br/edicoes/wp-content/uploads/2016/08/Logo-ParkLagos.png);     width: 180px;   height: 100px;     background-size: cover; background-repeat: no-repeat; background-position: center; "></div>
<p></a></li>
<p></p>
<li style="height: auto; overflow: hidden; border-bottom: none;"><a href="https://www.assai.com.br/" target="_blank" rel="noopener noreferrer">
<div style="background-image: url(https://saboresdecabofrio.com.br/edicoes/wp-content/uploads/2020/08/assai-ago2020.png);     width: 180px;   height: 100px;     background-size: cover; background-repeat: no-repeat; background-position: center; "></div>
<p></a></li>
<p>
</ul>
<h1 style="text-align: center; margin-bottom: 30px; margin-top: 30px;">O Festival</h1>
<div style="margin-left: 13px;">
<h2 style="text-align: center; margin-bottom: 0px;">Sexta edição do Festival Sabores de Cabo Frio acontece em setembro</h2>
<p style="text-align: center; margin-top: 0px; font-size: 16px; color: #808080;">Evento celebra a retomada das atividades turísticas na região, reunindo cerca de 50 restaurantes que prometem delícias inspiradas nos “Temperos do Brasil”</p>
<p>Em tempos de busca de referências, afeto e aconchego &#8211; e também de valorizar o que é da nossa terra &#8211; a sexta edição do Festival Sabores de Cabo Frio se inspira em uma temática perfeita para aguçar os sentidos: &#8220;Temperos do Brasil&#8221;. O evento acontece entre 4 de setembro e 4 de outubro (ótima pedida para curtir o feriadão do Dia da Independência), celebrando a retomada das atividades turísticas na Costa do Sol. Esse ano, por conta do atual momento, há novidades: uma delas é o serviço de delivery, opcional para os cerca de 50 restaurantes participantes.</p>
<p>O festival segue o exemplo das edições anteriores, com os estabelecimentos apresentando receitas criadas ou recriadas exclusivamente para o Sabores, servidas a preços fixos. As entradas e os petiscos custam R$ 30; os pratos principais, R$ 45; e as sobremesas, R$ 15. As porções serão servidas no tamanho individual dos restaurantes. A fim de evitar alta rotatividade e grande circulação de pessoas nos ambientes, e considerando que os estabelecimentos estão funcionando com 50% da sua capacidade, a versão ´petit´ (de até 200 gramas) não estará disponível nessa edição. </p>
<p>As casas podem ainda oferecer combos ou o “menu completo do festival”, incrementado a opção escolhida (entrada, prato principal ou sobremesa) com outros passos, ou sugerindo harmonização com bebidas.</p>
<p>As delícias ficam em cartaz nos estabelecimentos participantes durante todo o período, sendo servidas de acordo com o horário de funcionamento dos restaurantes e respeitando a capacidade limitada atualmente. </p>
<p>Uma revista virtual com informações como descritivo dos pratos, endereços e horários de funcionamento dos estabelecimentos pode ser baixada no celular, através de um QR Code. A divulgação dos pratos do festival acontece dia 26 de agosto, quando todos estarão disponíveis no site do evento, com foto e descritivo. </p>
<h3 style="text-align: center;">Bons serviços</h3>
<p>A proposta do Sabores sempre foi a de apresentar a cidade durante a melhor temporada, fora do verão. E, desta forma, divulgar a qualidade e a variedade da gastronomia de Cabo Frio, assim como seus bons serviços. O festival é, ainda, uma oportunidade para moradores de Cabo Frio e região explorarem a oferta gastronômica local e experimentarem novos sabores. </p>
<p>No momento atual, a proposta vai além: enfatizar os cuidados dos principais pilares do turismo no município, como os setores de gastronomia e hospedagem, em relação aos protocolos de segurança. Feito em parceria com a rede hoteleira, o festival será um alento para os dois segmentos, profundamente impactados pela pandemia. </p>
<p>O evento se consolidou como um dos principais produtos turísticos do interior do estado e não poderia deixar de realizar sua sexta edição, seguindo todos as recomendações das autoridades sanitárias. “O Sabores já se tornou tradição e faz parte do calendário de eventos da cidade e da Costa do Sol. Acreditamos que esta edição será um marco, celebrando a retomada das atividades turística e econômica em Cabo Frio”, comenta Maria Inês Oliveros, presidente do Cabo Frio Convention &#038; Visitors Bureau.</p>
<p>O Festival Sabores de Cabo Frio é uma realização da Associação de Hotéis de Cabo Frio, Cabo Frio Convention &#038; Visitors Bureau e o Sebrae. A Tropic Produções é a empresa produtora do evento.  </p>
<h3 style="text-align: center;">Informações úteis para os turistas</h3>
<p>A prefeitura da cidade de Cabo Frio ainda não liberou o acesso aos parques e às praias (somente para práticas esportivas individuais como corrida, caminhada, surf, canoa havaiana, stand up paddle e mergulho, além de banho). Restaurantes e comércio funcionam com limitações de espaço e horário. A hospedagem em pousadas e hotéis está liberada, com restrições e seguindo os decretos Municipal e Estadual. O uso de máscara é obrigatório nos espaços públicos.</p>
<p><strong>6° Festival Gastronômico Sabores de Cabo Frio</strong><br />
4 de setembro a 4 de outubro</p>
</div>
<h2 style="text-align: center;">Apoio</h2>
<ul style="display: flex;  flex-wrap: wrap; justify-content: center; margin-bottom: 0px;">
</p>
<li style="height: auto; overflow: hidden; border-bottom: none;"><a href="https://alfreddelivery.com/" target="_blank" rel="noopener noreferrer">
<div style="background-image: url(https://saboresdecabofrio.com.br/edicoes/wp-content/uploads/2020/08/Logo-Alfred.png);     width: 150px;   height: 150px;     background-size: cover; background-repeat: no-repeat; background-position: center; "></div>
<p></a></li>
<p></p>
<li style="height: auto; overflow: hidden; border-bottom: none;"><a href="https://redeglobo.globo.com/rj/intertvrj/" target="_blank" rel="noopener noreferrer">
<div style="background-image: url(https://saboresdecabofrio.com.br/edicoes/wp-content/uploads/2020/08/Logo-InterTV.png);     width: 150px;   height: 150px;     background-size: cover; background-repeat: no-repeat; background-position: center; "></div>
<p></a></li>
<p></p>
<li style="height: auto; overflow: hidden; border-bottom: none;"><a href="https://www.senac.br/" target="_blank" rel="noopener noreferrer">
<div style="background-image: url(https://saboresdecabofrio.com.br/edicoes/wp-content/uploads/2020/08/Senac.png);     width: 150px;   height: 150px;     background-size: cover; background-repeat: no-repeat; background-position: center; "></div>
<p></a></li>
<p></p>
<li style="height: auto; overflow: hidden; border-bottom: none;"><a href="https://www.radiolitoral945.com.br/" target="_blank" rel="noopener noreferrer">
<div style="background-image: url(https://saboresdecabofrio.com.br/edicoes/wp-content/uploads/2020/08/Logo-Radio-Litoral.png);     width: 150px;   height: 150px;     background-size: cover; background-repeat: no-repeat; background-position: center; "></div>
<p></a></li>
<p></p>
<li style="height: auto; overflow: hidden; border-bottom: none;"><a href="https://pt-br.facebook.com/programaamauryvalerio/" target="_blank" rel="noopener noreferrer">
<div style="background-image: url(https://saboresdecabofrio.com.br/edicoes/wp-content/uploads/2020/08/Logo-Amaury.png);     width: 150px;   height: 150px;     background-size: cover; background-repeat: no-repeat; background-position: center; "></div>
<p></a></li>
<p></p>
<li style="height: auto; overflow: hidden; border-bottom: none;"><a href="https://www.estacao104fm.com.br/" target="_blank" rel="noopener noreferrer">
<div style="background-image: url(https://saboresdecabofrio.com.br/edicoes/wp-content/uploads/2020/08/Logo104.png);     width: 150px;   height: 150px;     background-size: cover; background-repeat: no-repeat; background-position: center; "></div>
<p></a></li>
<p></p>
<li style="height: auto; overflow: hidden; border-bottom: none;"><a href="http://www.redelitoral.tv.br/" target="_blank" rel="noopener noreferrer">
<div style="background-image: url(https://saboresdecabofrio.com.br/edicoes/wp-content/uploads/2016/08/Logo-Sidnei.png);     width: 150px;   height: 150px;     background-size: cover; background-repeat: no-repeat; background-position: center; "></div>
<p></a></li>
<p></p>
<li style="height: auto; overflow: hidden; border-bottom: none;"><a href="https://prensadebabel.com.br/" target="_blank" rel="noopener noreferrer">
<div style="background-image: url(https://saboresdecabofrio.com.br/edicoes/wp-content/uploads/2020/08/Prensa-de-Babel2.png);     width: 150px;   height: 150px;     background-size: cover; background-repeat: no-repeat; background-position: center; "></div>
<p></a></li>
<p></p>
<li style="height: auto; overflow: hidden; border-bottom: none;"><a href="http://www.radiocabofrio.com.br/" target="_blank" rel="noopener noreferrer">
<div style="background-image: url(https://saboresdecabofrio.com.br/edicoes/wp-content/uploads/2020/08/logo-Radio-Cabo-Frio.png);     width: 150px;   height: 150px;     background-size: cover; background-repeat: no-repeat; background-position: center; "></div>
<p></a></li>
<p></p>
<li style="height: auto; overflow: hidden; border-bottom: none;"><a href="http://www.catarinapropamarketing.com.br/" target="_blank" rel="noopener noreferrer">
<div style="background-image: url(https://saboresdecabofrio.com.br/edicoes/wp-content/uploads/2020/09/Logo-Catarina-PropaMarketing.png);     width: 150px;   height: 150px;     background-size: cover; background-repeat: no-repeat; background-position: center; "></div>
<p></a></li>
<p></p>
<li style="height: auto; overflow: hidden; border-bottom: none;"><a href="https://rlagosnoticias.com.br/" target="_blank" rel="noopener noreferrer">
<div style="background-image: url(https://saboresdecabofrio.com.br/edicoes/wp-content/uploads/2020/09/Logo-Lagos-Noticias.png);     width: 150px;   height: 150px;     background-size: cover; background-repeat: no-repeat; background-position: center; "></div>
<p></a></li>
<p>
</ul>
